{"id":13,"date":"2013-01-21T14:56:55","date_gmt":"2013-01-21T14:56:55","guid":{"rendered":"http:\/\/holunderstrauch.wolzt.at\/?page_id=13"},"modified":"2025-06-30T19:27:23","modified_gmt":"2025-06-30T19:27:23","slug":"saisonale-spezialitaten","status":"publish","type":"page","link":"https:\/\/www.holunderstrauch.at\/?page_id=13","title":{"rendered":"Reservierung"},"content":{"rendered":"<h2><strong><span style=\"color: #015c50;\">Ob Sie mit der Familie, Freunden oder Firma feiern wollen &#8230;<br \/>\n<\/span><span style=\"color: #015c50;\">Sie sind immer herzlich willkommen!<\/span><\/strong><\/h2>\n<p>F\u00fcr private Feiern haben wir auch am Samstag Abend gerne f\u00fcr Sie ge\u00f6ffnet!<br \/>\nBis zu 25 Personen in der Gaststube und bis zu 49 Personen im Kellergew\u00f6lbe.<br \/>\nAuswahl von individuellen Men\u00fcs und B\u00fcffets &#8211; wir beraten sie gerne!<\/p>\n<p><strong>Reservierungen werden nur pers\u00f6nlich oder telefonisch unter <a href=\"tel:+4315359075\">+43 (1) 535 90 75<\/a> entgegengenommen!<\/strong><\/p>\n\n<div class=\"wp-block-image\">\n<figure class=\"aligncenter size-large\"><a href=\"https:\/\/www.holunderstrauch.at\/wp-content\/uploads\/2025\/06\/EG2025-scaled.jpg\"><img loading=\"lazy\" decoding=\"async\" width=\"1024\" height=\"474\" src=\"https:\/\/www.holunderstrauch.at\/wp-content\/uploads\/2025\/06\/EG2025-1024x474.jpg\" alt=\"Erdgeschoss\" class=\"wp-image-678\" srcset=\"https:\/\/www.holunderstrauch.at\/wp-content\/uploads\/2025\/06\/EG2025-1024x474.jpg 1024w, https:\/\/www.holunderstrauch.at\/wp-content\/uploads\/2025\/06\/EG2025-300x139.jpg 300w, https:\/\/www.holunderstrauch.at\/wp-content\/uploads\/2025\/06\/EG2025-768x355.jpg 768w, https:\/\/www.holunderstrauch.at\/wp-content\/uploads\/2025\/06\/EG2025-1536x710.jpg 1536w, https:\/\/www.holunderstrauch.at\/wp-content\/uploads\/2025\/06\/EG2025-2048x947.jpg 2048w, https:\/\/www.holunderstrauch.at\/wp-content\/uploads\/2025\/06\/EG2025-750x347.jpg 750w\" sizes=\"(max-width: 1024px) 100vw, 1024px\" \/><\/a><\/figure><\/div>\n\n<div class=\"wp-block-image\">\n<figure class=\"aligncenter size-large\"><a href=\"https:\/\/www.holunderstrauch.at\/wp-content\/uploads\/2025\/06\/KG2025-scaled.jpg\"><img loading=\"lazy\" decoding=\"async\" width=\"1024\" height=\"480\" src=\"https:\/\/www.holunderstrauch.at\/wp-content\/uploads\/2025\/06\/KG2025-1024x480.jpg\" alt=\"Kellergeschoss\" class=\"wp-image-677\" srcset=\"https:\/\/www.holunderstrauch.at\/wp-content\/uploads\/2025\/06\/KG2025-1024x480.jpg 1024w, https:\/\/www.holunderstrauch.at\/wp-content\/uploads\/2025\/06\/KG2025-300x141.jpg 300w, https:\/\/www.holunderstrauch.at\/wp-content\/uploads\/2025\/06\/KG2025-768x360.jpg 768w, https:\/\/www.holunderstrauch.at\/wp-content\/uploads\/2025\/06\/KG2025-1536x720.jpg 1536w, https:\/\/www.holunderstrauch.at\/wp-content\/uploads\/2025\/06\/KG2025-2048x960.jpg 2048w, https:\/\/www.holunderstrauch.at\/wp-content\/uploads\/2025\/06\/KG2025-750x351.jpg 750w\" sizes=\"(max-width: 1024px) 100vw, 1024px\" \/><\/a><\/figure><\/div>\n\n<\/p>","protected":false},"excerpt":{"rendered":"<p>Ob Sie mit der Familie, Freunden oder Firma feiern wollen &#8230; Sie sind immer herzlich willkommen! F\u00fcr private Feiern haben wir auch am Samstag Abend gerne f\u00fcr Sie ge\u00f6ffnet! Bis zu 25 Personen in der Gaststube und bis zu 49 Personen im Kellergew\u00f6lbe. Auswahl von individuellen Men\u00fcs und B\u00fcffets &#8211; wir beraten sie gerne! Reservierungen &hellip; <\/p>\n<p><a class=\"more-link btn\" href=\"https:\/\/www.holunderstrauch.at\/?page_id=13\">Weiterlesen<\/a><\/p>\n","protected":false},"author":1,"featured_media":0,"parent":0,"menu_order":0,"comment_status":"open","ping_status":"open","template":"template-twocolumnsright.php","meta":{"footnotes":""},"_links":{"self":[{"href":"https:\/\/www.holunderstrauch.at\/index.php?rest_route=\/wp\/v2\/pages\/13"}],"collection":[{"href":"https:\/\/www.holunderstrauch.at\/index.php?rest_route=\/wp\/v2\/pages"}],"about":[{"href":"https:\/\/www.holunderstrauch.at\/index.php?rest_route=\/wp\/v2\/types\/page"}],"author":[{"embeddable":true,"href":"https:\/\/www.holunderstrauch.at\/index.php?rest_route=\/wp\/v2\/users\/1"}],"replies":[{"embeddable":true,"href":"https:\/\/www.holunderstrauch.at\/index.php?rest_route=%2Fwp%2Fv2%2Fcomments&post=13"}],"version-history":[{"count":10,"href":"https:\/\/www.holunderstrauch.at\/index.php?rest_route=\/wp\/v2\/pages\/13\/revisions"}],"predecessor-version":[{"id":681,"href":"https:\/\/www.holunderstrauch.at\/index.php?rest_route=\/wp\/v2\/pages\/13\/revisions\/681"}],"wp:attachment":[{"href":"https:\/\/www.holunderstrauch.at\/index.php?rest_route=%2Fwp%2Fv2%2Fmedia&parent=13"}],"curies":[{"name":"wp","href":"https:\/\/api.w.org\/{rel}","templated":true}]}}