{"id":10,"date":"2013-01-21T14:55:13","date_gmt":"2013-01-21T14:55:13","guid":{"rendered":"http:\/\/holunderstrauch.wolzt.at\/?page_id=10"},"modified":"2025-07-26T12:27:52","modified_gmt":"2025-07-26T12:27:52","slug":"wir-uber-uns","status":"publish","type":"page","link":"https:\/\/www.holunderstrauch.at\/?page_id=10","title":{"rendered":"Wir \u00fcber uns"},"content":{"rendered":"<h2><strong><span style=\"color: #015c50;\">So war&#8217;s &#8230;<\/span><\/strong><\/h2>\n<p>1937 erwarben Johann und Maria G\u00f6ssinger das seit 1920 bestehende Lokal.<\/p>\n<p style=\"text-align: right;\">Die traditionelle Wiener K\u00fcche zu moderaten Preisen f\u00fchren wir noch heute.<\/p>\n<p><img loading=\"lazy\" decoding=\"async\" class=\"alignnone size-medium wp-image-37\" src=\"http:\/\/www.holunderstrauch.at\/wp-content\/uploads\/2013\/01\/wir1_1-234x300.jpg\" alt=\"\" width=\"234\" height=\"300\" srcset=\"https:\/\/www.holunderstrauch.at\/wp-content\/uploads\/2013\/01\/wir1_1-234x300.jpg 234w, https:\/\/www.holunderstrauch.at\/wp-content\/uploads\/2013\/01\/wir1_1.jpg 601w\" sizes=\"(max-width: 234px) 100vw, 234px\" \/><img loading=\"lazy\" decoding=\"async\" class=\"alignright size-medium wp-image-38\" src=\"http:\/\/www.holunderstrauch.at\/wp-content\/uploads\/2013\/01\/wir2_1-180x300.jpg\" alt=\"\" width=\"180\" height=\"300\" srcset=\"https:\/\/www.holunderstrauch.at\/wp-content\/uploads\/2013\/01\/wir2_1-180x300.jpg 180w, https:\/\/www.holunderstrauch.at\/wp-content\/uploads\/2013\/01\/wir2_1.jpg 492w\" sizes=\"(max-width: 180px) 100vw, 180px\" \/><\/p>\n<p style=\"text-align: left;\" align=\"right\">1969 wurde das Lokal von der Tochter Hedwig und ihrem Mann Leopold M\u00fcller \u00fcbernommen.<\/p>\n<h2><strong><span style=\"color: #015c50;\">&#8230; und so is(s)t&#8217;s<\/span><\/strong><\/h2>\n<p><img loading=\"lazy\" decoding=\"async\" class=\"alignleft size-full wp-image-184\" src=\"http:\/\/www.holunderstrauch.at\/wp-content\/uploads\/2013\/01\/wirt2013.jpg\" alt=\"wirt2013\" width=\"234\" height=\"300\" \/><\/p>\n<p>Seit 1997 wird das Lokal, nach Erweiterung, von ihrem Sohn Gerhard und dessen Frau Barbara in Familientradition fortgef\u00fchrt.<\/p>\n<p>Nun sind alle von Opa (dem Poidl) und Oma (der Hedi) bis zu den Enkeln (denen es Spa\u00df macht) bestrebt, dass Sie sich in famili\u00e4rer Atmosph\u00e4re wohl f\u00fchlen und unsere Speisen &amp; Getr\u00e4nke genie\u00dfen k\u00f6nnen.<\/p>\n<p><a href=\"http:\/\/www.holunderstrauch.at\/wp-content\/uploads\/2013\/01\/frauen.jpg\"><img loading=\"lazy\" decoding=\"async\" class=\"wp-image-185 alignnone\" src=\"http:\/\/www.holunderstrauch.at\/wp-content\/uploads\/2013\/01\/frauen-300x260.jpg\" alt=\"frauen\" width=\"243\" height=\"211\" srcset=\"https:\/\/www.holunderstrauch.at\/wp-content\/uploads\/2013\/01\/frauen-300x260.jpg 300w, https:\/\/www.holunderstrauch.at\/wp-content\/uploads\/2013\/01\/frauen.jpg 600w\" sizes=\"(max-width: 243px) 100vw, 243px\" \/><\/a><a href=\"http:\/\/www.holunderstrauch.at\/wp-content\/uploads\/2013\/01\/m\u00e4nner.jpg\"><img loading=\"lazy\" decoding=\"async\" class=\"wp-image-186 alignnone\" src=\"http:\/\/www.holunderstrauch.at\/wp-content\/uploads\/2013\/01\/m\u00e4nner-300x260.jpg\" alt=\"m\u00e4nner\" width=\"243\" height=\"211\" srcset=\"https:\/\/www.holunderstrauch.at\/wp-content\/uploads\/2013\/01\/m\u00e4nner-300x260.jpg 300w, https:\/\/www.holunderstrauch.at\/wp-content\/uploads\/2013\/01\/m\u00e4nner.jpg 600w\" sizes=\"(max-width: 243px) 100vw, 243px\" \/><\/a><\/p>\n<p><img loading=\"lazy\" decoding=\"async\" class=\"alignleft size-full wp-image-193\" src=\"http:\/\/www.holunderstrauch.at\/wp-content\/uploads\/2013\/01\/kinder.jpg\" alt=\"kinder\" width=\"234\" height=\"300\" \/><\/p>\n<p>&#8230; und die n\u00e4chste Generation ist auch schon gesichert!<\/p>\n","protected":false},"excerpt":{"rendered":"<p>So war&#8217;s &#8230; 1937 erwarben Johann und Maria G\u00f6ssinger das seit 1920 bestehende Lokal. Die traditionelle Wiener K\u00fcche zu moderaten Preisen f\u00fchren wir noch heute. 1969 wurde das Lokal von der Tochter Hedwig und ihrem Mann Leopold M\u00fcller \u00fcbernommen. &#8230; und so is(s)t&#8217;s Seit 1997 wird das Lokal, nach Erweiterung, von ihrem Sohn Gerhard und &hellip; <\/p>\n<p><a class=\"more-link btn\" href=\"https:\/\/www.holunderstrauch.at\/?page_id=10\">Weiterlesen<\/a><\/p>\n","protected":false},"author":1,"featured_media":0,"parent":0,"menu_order":0,"comment_status":"open","ping_status":"open","template":"","meta":{"footnotes":""},"_links":{"self":[{"href":"https:\/\/www.holunderstrauch.at\/index.php?rest_route=\/wp\/v2\/pages\/10"}],"collection":[{"href":"https:\/\/www.holunderstrauch.at\/index.php?rest_route=\/wp\/v2\/pages"}],"about":[{"href":"https:\/\/www.holunderstrauch.at\/index.php?rest_route=\/wp\/v2\/types\/page"}],"author":[{"embeddable":true,"href":"https:\/\/www.holunderstrauch.at\/index.php?rest_route=\/wp\/v2\/users\/1"}],"replies":[{"embeddable":true,"href":"https:\/\/www.holunderstrauch.at\/index.php?rest_route=%2Fwp%2Fv2%2Fcomments&post=10"}],"version-history":[{"count":12,"href":"https:\/\/www.holunderstrauch.at\/index.php?rest_route=\/wp\/v2\/pages\/10\/revisions"}],"predecessor-version":[{"id":691,"href":"https:\/\/www.holunderstrauch.at\/index.php?rest_route=\/wp\/v2\/pages\/10\/revisions\/691"}],"wp:attachment":[{"href":"https:\/\/www.holunderstrauch.at\/index.php?rest_route=%2Fwp%2Fv2%2Fmedia&parent=10"}],"curies":[{"name":"wp","href":"https:\/\/api.w.org\/{rel}","templated":true}]}}